 = -5*c + 4*c - 10 + 2*c - 4*c. Let p be j(7). Let u = p - -44. Calculate the highest common factor of u and 52.
13
Suppose -k + 158 = 5*m - 41, 0 = 5*m - 10. What is the greatest common factor of k and 252?
63
Suppose 0*a - 2*a - 3*r = -35, 3*a = 2*r + 20. Calculate the greatest common divisor of a and 130.
10
Let y(r) = 22*r**2 + 2*r - 1. Let f be y(1). Let m be 5/(50/(-15)) + (-509)/(-2). What is the highest common factor of f and m?
23
Let b(u) = -69*u - 62. Let l be b(-22). What is the greatest common factor of 91 and l?
91
Suppose v - 2*o = -2*v + 62, -105 = -5*v + 5*o. Let q be 522/(-7) - (-9)/(-21). Let l = q - -215. What is the highest common factor of l and v?
20
Let q(p) = -p + 10. Let m be q(0). Let z(i) = -i**3 - 22*i**2 - 22*i - 24. Let j be z(-21). Let l = j + m. Calculate the greatest common divisor of 7 and l.
7
Suppose 2*q - 26 = -0*q. Suppose 14*m - 5 = q*m. Calculate the greatest common factor of 35 and m.
5
Let l be (-31)/(-527) - (-12644)/68. Calculate the greatest common factor of l and 6.
6
Suppose 4*v - 8 - 16 = 0. Calculate the highest common divisor of v and 174.
6
Suppose -168 = 4*z + t, 20 = 4*t + t. Let f = -15 - z. Suppose -5*h = -3*r - 186, -r - 46 = -2*h + f. What is the greatest common factor of 4 and h?
4
Let v(a) = -5*a. Let m be v(-7). Suppose -681 = -2*i - 26*i + 299. What is the highest common divisor of i and m?
35
Let j(d) = 2*d**3 - 31*d**2 + 16*d + 3. Let t be j(15). Calculate the highest common factor of t and 288.
18
Let r = -1700 - -1763. Calculate the greatest common factor of 36 and r.
9
Suppose 0 = -5*i + 5*p - 148 - 147, 0 = i - 4*p + 65. Let l = -47 - i. Calculate the highest common divisor of 10 and l.
10
Let y = -20 - -23. Suppose s = -y*p + 138, 545 = 2*s + 2*s + 5*p. Calculate the greatest common factor of s and 15.
15
Suppose 0*u - 5*u = -20. Let g be (-6)/(-8) - (-97)/u. Calculate the highest common factor of 225 and g.
25
Suppose -1 - 8 = -3*r, -r - 213 = -3*p. Calculate the greatest common divisor of p and 108.
36
Let b be (-4*2)/(9/(351/(-3))). What is the highest common divisor of b and 1768?
104
Let b(w) = w**3 + 10*w**2 - 12*w - 5. Let z be b(-5). Suppose z = 5*x - 4*h, 4*x - 108 = x + 2*h. Calculate the greatest common divisor of x and 18.
18
Let a(j) = -20*j - 38. Let i be a(-3). What is the highest common divisor of 374 and i?
22
Let h(u) = 2*u**2 + 1. Suppose -5*m - 4 = -m. Let c be h(m). Suppose s + 7 = 4*j - 11, -s = -3*j + 13. What is the greatest common factor of s and c?
1
Let r be (-9622)/(-272) - 2*(-3)/(-16). What is the greatest common divisor of 385 and r?
35
Let s be (-3)/18 - 5/60*-1046. What is the highest common divisor of s and 145?
29
Suppose 82*q = 2343 + 117. Calculate the highest common factor of 360 and q.
30
Let n(z) = 214*z**3 - 2*z**2 + 3*z - 2. Let a be n(1). What is the highest common divisor of 355 and a?
71
Let i be (-80)/(-12)*15/25. Let h = 94 - i. What is the highest common divisor of 20 and h?
10
Let t = 23 + -15. Let b be 2/t + 1316/112. What is the highest common factor of b and 156?
12
Let t = 3 - 1. Let m(h) = -5*h + 33. Let j be m(6). Suppose 0 = 4*g - 5*d - 56, j*g + 2*d - 42 = -2*d. Calculate the greatest common divisor of g and t.
2
Suppose -2*h + 60 = 3*h. Let o = 126 - 90. Calculate the highest common factor of o and h.
12
Let m(a) = a + 8. Let i be m(-6). Suppose -51 = -i*r + 47. Calculate the greatest common divisor of r and 7.
7
Let s be ((-1)/3)/(1/(-18)). Let p be (-1 - 1) + s/3. Suppose p = 6*c - c - 80. Calculate the highest common divisor of c and 24.
8
Let f = 8 - 8. Suppose 3*b + f*z = 4*z + 18, 5*b - 2*z - 44 = 0. Calculate the greatest common factor of b and 40.
10
Suppose 2*v = -w + 28, 5*v - 12*w = -8*w + 70. What is the highest common divisor of 938 and v?
14
Suppose 20*u - 44*u + 6480 = 0. Calculate the greatest common factor of 3 and u.
3
Let g(z) = -z**2 - 45*z - 130. Let b be g(-32). What is the highest common divisor of 33 and b?
11
Let x(k) be the first derivative of 2/3*k**3 - 4*k**4 + 8 + 0*k + 1/2*k**2. Let u be x(-1). What is the greatest common factor of u and 34?
17
Let y(a) = -6*a**3 + 4*a**2 + 5*a. Let m(s) = s**2 + 18*s + 15. Let v be m(-17). Let h be y(v). What is the greatest common factor of 18 and h?
18
Suppose -47*s + s + 322 = 0. Calculate the highest common divisor of 224 and s.
7
Let m be (-2)/(-7) - (1 - 1612/91). What is the greatest common divisor of 289 and m?
17
Suppose -2*v - 5*l = 25, 3*l - 5*l + 32 = -2*v. Let c be (-357)/v + 5/25. What is the highest common divisor of c and 3?
3
Suppose 417 = -3*c - 0*c. Suppose 5*p - 385 = 850. Let s = c + p. Calculate the highest common factor of 18 and s.
18
Let n be 261/(-5)*(-500)/150. Suppose 2*k - k = 29. Calculate the greatest common factor of n and k.
29
Let l(v) = 3*v**3 - 2*v**2 - 3*v + 2. Let k be l(2). Let w be -2*(-2 - 9/(-6)). Suppose p = 11 + w. Calculate the highest common factor of p and k.
12
Suppose 3*x = -x - 12. Let y(j) = 2*j + 1. Let v(o) = -o - 1. Let r(n) = x*v(n) - 2*y(n). Let d be r(-12). What is the highest common divisor of d and 13?
13
Let f(s) = -26*s - 88. Let u be f(-5). What is the greatest common factor of 966 and u?
42
Suppose -z = -4*k + 15, 5*z + 34 + 5 = 2*k. Let f = z - -27. Let m = f + -9. Calculate the highest common divisor of 55 and m.
11
Suppose -5*m = -226 - 89. Suppose 5*i - j - 2*j = 95, 3*j + m = 3*i. Suppose 2*f - i = -0*f. What is the highest common divisor of f and 40?
8
Let k(a) = -252*a**3 - 3*a - 2. Let i = -147 + 146. Let p be k(i). Calculate the highest common factor of p and 23.
23
Let j be -2 + (18/21)/((-3)/(-14)). Suppose 0 = -2*n + j*z + 6, 2*z - z = 5. What is the greatest common factor of n and 24?
8
Suppose 5*w = -2*n + 53, -12 = 5*n + w - 110. Calculate the greatest common factor of n and 76.
19
Let h(f) = f + 1. Let d be h(0). Suppose 2*a = -d + 21. What is the highest common factor of 60 and a?
10
Suppose -m = -2*m - 3*w + 100, 5*w = -4*m + 365. What is the highest common factor of 10 and m?
5
Let t(r) = 30 + 6 - 4*r + 3. Let n be t(-13). Calculate the highest common divisor of n and 39.
13
Suppose 27 = 5*q - 2*q. Suppose -5*v + q = -1. Suppose 4*r = -v + 14. What is the highest common divisor of r and 3?
3
Let v = 23 + -1. Suppose 0 = 4*w + 4*n - 704, -176 = -w - n + 5*n. Calculate the greatest common divisor of w and v.
22
Let t(v) = -v + 4. Let u be t(3). Let y be (-25 + -6)/(u - 2). Suppose -2*g + y - 7 = 0. What is the greatest common factor of g and 60?
12
Let z = 2681 - 1645. What is the highest common divisor of 222 and z?
74
Suppose r - 3 - 15 = 0. Let i = 15 - 17. Let b be -1 + i + 3*5. Calculate the highest common divisor of b and r.
6
Let l(v) = 2*v - 10. Let k be l(8). Suppose 2*j - k*j + 32 = 0. Let r = -152 - -224. What is the highest common divisor of j and r?
8
Let w = 1803 + -1758. Calculate the greatest common divisor of 1455 and w.
15
Suppose -2*v + 10 = -v. Let h(a) = a**3 - 8*a**2 + 7*a + 2. Let i be h(v). Calculate the greatest common divisor of 34 and i.
34
Let k = -96 + 68. Let s be 96/(-2 - k/8). What is the greatest common factor of 8 and s?
8
Let w = 54 - -6. What is the highest common divisor of 300 and w?
60
Suppose -v - 134 = -8*z + 442, -144 = -2*z - 2*v. Let p be -1*10/(-1) - 2. Calculate the greatest common factor of z and p.
8
Let a(z) = 86*z**2 + 7*z - 4. Let b be a(2). Let g be -3 - (b/(-15) - 3/(-5)). Let o = 11 + -7. What is the greatest common divisor of g and o?
4
Suppose 5*q + 270 = 10*q. Let f(x) = 9*x**2 + 14*x + 2. Let u be f(-4). What is the greatest common factor of q and u?
18
Suppose -4*f - 3*n + 7*n + 460 = 0, -5*f + 4*n = -571. What is the greatest common factor of 6 and f?
3
Let b(m) = -2*m + 45. Let d(q) = -q + 15. Let u(x) = 2*b(x) - 7*d(x). Let l be (6/5)/(5/25 - 0). Let t be u(l). Calculate the highest common factor of 12 and t.
3
Suppose 0*c + 16 = -4*c, -173 = -5*y + 2*c. Let a be (6 + 2*(-115)/20)*-18. Calculate the highest common divisor of a and y.
33
Suppose -5*g = 3 - 13. Let r be (-2 + g)/3 - -11. Let x be 22/((-10)/6*3)*-20. Calculate the greatest common divisor of r and x.
11
Let j = -626 - -936. What is the greatest common factor of 62 and j?
62
Let y(b) = 7*b - 29. Let v be y(6). Let n be 7*(0 + 1) + -2. Suppose 0 = -4